{"id":360,"date":"2026-02-18T12:18:44","date_gmt":"2026-02-18T11:18:44","guid":{"rendered":"https:\/\/lvz.fr\/?page_id=360"},"modified":"2026-03-01T16:22:04","modified_gmt":"2026-03-01T15:22:04","slug":"site-en-maintenance-isabelle-vous-remercie-de-votre-patiente-comprehension","status":"publish","type":"page","link":"https:\/\/lvz.fr\/index.php\/site-en-maintenance-isabelle-vous-remercie-de-votre-patiente-comprehension\/","title":{"rendered":"Site en maintenance, Isabelle vous remercie de votre patiente compr\u00e9hension"},"content":{"rendered":"\t\t<div data-elementor-type=\"wp-page\" data-elementor-id=\"360\" class=\"elementor elementor-360\" data-elementor-post-type=\"page\">\n\t\t\t\t<div class=\"elementor-element elementor-element-4ebdfcea e-flex e-con-boxed e-con e-parent\" data-id=\"4ebdfcea\" data-element_type=\"container\" data-e-type=\"container\">\n\t\t\t\t\t<div class=\"e-con-inner\">\n\t\t\t\t<div class=\"elementor-element elementor-element-25f27a92 elementor-widget elementor-widget-text-editor\" data-id=\"25f27a92\" data-element_type=\"widget\" data-e-type=\"widget\" data-widget_type=\"text-editor.default\">\n\t\t\t\t<div class=\"elementor-widget-container\">\n\t\t\t\t\t\t\t\t\t<p style=\"text-align: center; padding-left: 40px;\">Merci de contacter Isabelle VANESTE, Num\u00e9rologue et R\u00e9flexologue Expert<\/p><p style=\"text-align: center;\">par t\u00e9l\u00e9phone : <span style=\"color: #0000ff;\">06 50 71 70 63<\/span><\/p><pre>\u00a0<\/pre><figure id=\"attachment_361\" aria-describedby=\"caption-attachment-361\" style=\"width: 1530px\" class=\"wp-caption aligncenter\"><img fetchpriority=\"high\" decoding=\"async\" class=\"wp-image-361 size-full\" src=\"http:\/\/lvz.fr\/wp-content\/uploads\/2026\/02\/EC4D3526-584F-432B-9418-11560EBC6533.jpeg\" alt=\"\" width=\"1530\" height=\"851\" srcset=\"https:\/\/lvz.fr\/wp-content\/uploads\/2026\/02\/EC4D3526-584F-432B-9418-11560EBC6533.jpeg 1530w, https:\/\/lvz.fr\/wp-content\/uploads\/2026\/02\/EC4D3526-584F-432B-9418-11560EBC6533-300x167.jpeg 300w, https:\/\/lvz.fr\/wp-content\/uploads\/2026\/02\/EC4D3526-584F-432B-9418-11560EBC6533-1024x570.jpeg 1024w, https:\/\/lvz.fr\/wp-content\/uploads\/2026\/02\/EC4D3526-584F-432B-9418-11560EBC6533-768x427.jpeg 768w\" sizes=\"(max-width: 1530px) 100vw, 1530px\" \/><figcaption id=\"caption-attachment-361\" class=\"wp-caption-text\">Screenshot<\/figcaption><\/figure><!-- \/wp:paragraph --><p>\u00a0<\/p>\t\t\t\t\t\t\t\t<\/div>\n\t\t\t\t<\/div>\n\t\t\t\t\t<\/div>\n\t\t\t\t<\/div>\n\t\t\t\t<\/div>\n\t\t","protected":false},"excerpt":{"rendered":"<p>Merci de contacter Isabelle VANESTE, Num\u00e9rologue et R\u00e9flexologue Expert par t\u00e9l\u00e9phone : 06 50 71 70 63 \u00a0 \u00a0<\/p>\n","protected":false},"author":1,"featured_media":0,"parent":0,"menu_order":0,"comment_status":"closed","ping_status":"closed","template":"","meta":{"footnotes":""},"class_list":["post-360","page","type-page","status-publish","hentry"],"yoast_head":"<!-- This site is optimized with the Yoast SEO plugin v27.0 - https:\/\/yoast.com\/product\/yoast-seo-wordpress\/ -->\n<title>Site en maintenance, Isabelle vous remercie de votre patiente compr\u00e9hension - Isabelle Cr\u00e9atrice de Bien-\u00eatre<\/title>\n<meta name=\"robots\" content=\"index, follow, max-snippet:-1, max-image-preview:large, max-video-preview:-1\" \/>\n<link rel=\"canonical\" href=\"https:\/\/lvz.fr\/index.php\/site-en-maintenance-isabelle-vous-remercie-de-votre-patiente-comprehension\/\" \/>\n<meta property=\"og:locale\" content=\"fr_FR\" \/>\n<meta property=\"og:type\" content=\"article\" \/>\n<meta property=\"og:title\" content=\"Site en maintenance, Isabelle vous remercie de votre patiente compr\u00e9hension - Isabelle Cr\u00e9atrice de Bien-\u00eatre\" \/>\n<meta property=\"og:description\" content=\"Merci de contacter Isabelle VANESTE, Num\u00e9rologue et R\u00e9flexologue Expert par t\u00e9l\u00e9phone : 06 50 71 70 63 \u00a0 \u00a0\" \/>\n<meta property=\"og:url\" content=\"https:\/\/lvz.fr\/index.php\/site-en-maintenance-isabelle-vous-remercie-de-votre-patiente-comprehension\/\" \/>\n<meta property=\"og:site_name\" content=\"Isabelle Cr\u00e9atrice de Bien-\u00eatre\" \/>\n<meta property=\"article:modified_time\" content=\"2026-03-01T15:22:04+00:00\" \/>\n<meta property=\"og:image\" content=\"https:\/\/lvz.fr\/wp-content\/uploads\/2026\/02\/EC4D3526-584F-432B-9418-11560EBC6533.jpeg\" \/>\n\t<meta property=\"og:image:width\" content=\"1530\" \/>\n\t<meta property=\"og:image:height\" content=\"851\" \/>\n\t<meta property=\"og:image:type\" content=\"image\/jpeg\" \/>\n<meta name=\"twitter:card\" content=\"summary_large_image\" \/>\n<meta name=\"twitter:label1\" content=\"Dur\u00e9e de lecture estim\u00e9e\" \/>\n\t<meta name=\"twitter:data1\" content=\"1 minute\" \/>\n<script type=\"application\/ld+json\" class=\"yoast-schema-graph\">{\"@context\":\"https:\/\/schema.org\",\"@graph\":[{\"@type\":\"WebPage\",\"@id\":\"https:\/\/lvz.fr\/index.php\/site-en-maintenance-isabelle-vous-remercie-de-votre-patiente-comprehension\/\",\"url\":\"https:\/\/lvz.fr\/index.php\/site-en-maintenance-isabelle-vous-remercie-de-votre-patiente-comprehension\/\",\"name\":\"Site en maintenance, Isabelle vous remercie de votre patiente compr\u00e9hension - Isabelle Cr\u00e9atrice de Bien-\u00eatre\",\"isPartOf\":{\"@id\":\"https:\/\/lvz.fr\/#website\"},\"primaryImageOfPage\":{\"@id\":\"https:\/\/lvz.fr\/index.php\/site-en-maintenance-isabelle-vous-remercie-de-votre-patiente-comprehension\/#primaryimage\"},\"image\":{\"@id\":\"https:\/\/lvz.fr\/index.php\/site-en-maintenance-isabelle-vous-remercie-de-votre-patiente-comprehension\/#primaryimage\"},\"thumbnailUrl\":\"http:\/\/lvz.fr\/wp-content\/uploads\/2026\/02\/EC4D3526-584F-432B-9418-11560EBC6533.jpeg\",\"datePublished\":\"2026-02-18T11:18:44+00:00\",\"dateModified\":\"2026-03-01T15:22:04+00:00\",\"breadcrumb\":{\"@id\":\"https:\/\/lvz.fr\/index.php\/site-en-maintenance-isabelle-vous-remercie-de-votre-patiente-comprehension\/#breadcrumb\"},\"inLanguage\":\"fr-FR\",\"potentialAction\":[{\"@type\":\"ReadAction\",\"target\":[\"https:\/\/lvz.fr\/index.php\/site-en-maintenance-isabelle-vous-remercie-de-votre-patiente-comprehension\/\"]}]},{\"@type\":\"ImageObject\",\"inLanguage\":\"fr-FR\",\"@id\":\"https:\/\/lvz.fr\/index.php\/site-en-maintenance-isabelle-vous-remercie-de-votre-patiente-comprehension\/#primaryimage\",\"url\":\"https:\/\/lvz.fr\/wp-content\/uploads\/2026\/02\/EC4D3526-584F-432B-9418-11560EBC6533.jpeg\",\"contentUrl\":\"https:\/\/lvz.fr\/wp-content\/uploads\/2026\/02\/EC4D3526-584F-432B-9418-11560EBC6533.jpeg\",\"width\":1530,\"height\":851,\"caption\":\"Screenshot\"},{\"@type\":\"BreadcrumbList\",\"@id\":\"https:\/\/lvz.fr\/index.php\/site-en-maintenance-isabelle-vous-remercie-de-votre-patiente-comprehension\/#breadcrumb\",\"itemListElement\":[{\"@type\":\"ListItem\",\"position\":1,\"name\":\"Accueil\",\"item\":\"https:\/\/lvz.fr\/\"},{\"@type\":\"ListItem\",\"position\":2,\"name\":\"Site en maintenance, Isabelle vous remercie de votre patiente compr\u00e9hension\"}]},{\"@type\":\"WebSite\",\"@id\":\"https:\/\/lvz.fr\/#website\",\"url\":\"https:\/\/lvz.fr\/\",\"name\":\"Isabelle Cr\u00e9atrice de Bien-\u00eatre\",\"description\":\"Num\u00e9rologue &amp; R\u00e9flexologue formatrice\",\"publisher\":{\"@id\":\"https:\/\/lvz.fr\/#organization\"},\"potentialAction\":[{\"@type\":\"SearchAction\",\"target\":{\"@type\":\"EntryPoint\",\"urlTemplate\":\"https:\/\/lvz.fr\/?s={search_term_string}\"},\"query-input\":{\"@type\":\"PropertyValueSpecification\",\"valueRequired\":true,\"valueName\":\"search_term_string\"}}],\"inLanguage\":\"fr-FR\"},{\"@type\":\"Organization\",\"@id\":\"https:\/\/lvz.fr\/#organization\",\"name\":\"Isabelle Cr\u00e9atrice de Bien-\u00eatre\",\"url\":\"https:\/\/lvz.fr\/\",\"logo\":{\"@type\":\"ImageObject\",\"inLanguage\":\"fr-FR\",\"@id\":\"https:\/\/lvz.fr\/#\/schema\/logo\/image\/\",\"url\":\"https:\/\/lvz.fr\/wp-content\/uploads\/2024\/10\/cropped-C5912DBE-E888-4763-82AD-EC77C857A7C4_1_201_a.jpeg\",\"contentUrl\":\"https:\/\/lvz.fr\/wp-content\/uploads\/2024\/10\/cropped-C5912DBE-E888-4763-82AD-EC77C857A7C4_1_201_a.jpeg\",\"width\":453,\"height\":443,\"caption\":\"Isabelle Cr\u00e9atrice de Bien-\u00eatre\"},\"image\":{\"@id\":\"https:\/\/lvz.fr\/#\/schema\/logo\/image\/\"}}]}<\/script>\n<!-- \/ Yoast SEO plugin. -->","yoast_head_json":{"title":"Site en maintenance, Isabelle vous remercie de votre patiente compr\u00e9hension - Isabelle Cr\u00e9atrice de Bien-\u00eatre","robots":{"index":"index","follow":"follow","max-snippet":"max-snippet:-1","max-image-preview":"max-image-preview:large","max-video-preview":"max-video-preview:-1"},"canonical":"https:\/\/lvz.fr\/index.php\/site-en-maintenance-isabelle-vous-remercie-de-votre-patiente-comprehension\/","og_locale":"fr_FR","og_type":"article","og_title":"Site en maintenance, Isabelle vous remercie de votre patiente compr\u00e9hension - Isabelle Cr\u00e9atrice de Bien-\u00eatre","og_description":"Merci de contacter Isabelle VANESTE, Num\u00e9rologue et R\u00e9flexologue Expert par t\u00e9l\u00e9phone : 06 50 71 70 63 \u00a0 \u00a0","og_url":"https:\/\/lvz.fr\/index.php\/site-en-maintenance-isabelle-vous-remercie-de-votre-patiente-comprehension\/","og_site_name":"Isabelle Cr\u00e9atrice de Bien-\u00eatre","article_modified_time":"2026-03-01T15:22:04+00:00","og_image":[{"width":1530,"height":851,"url":"https:\/\/lvz.fr\/wp-content\/uploads\/2026\/02\/EC4D3526-584F-432B-9418-11560EBC6533.jpeg","type":"image\/jpeg"}],"twitter_card":"summary_large_image","twitter_misc":{"Dur\u00e9e de lecture estim\u00e9e":"1 minute"},"schema":{"@context":"https:\/\/schema.org","@graph":[{"@type":"WebPage","@id":"https:\/\/lvz.fr\/index.php\/site-en-maintenance-isabelle-vous-remercie-de-votre-patiente-comprehension\/","url":"https:\/\/lvz.fr\/index.php\/site-en-maintenance-isabelle-vous-remercie-de-votre-patiente-comprehension\/","name":"Site en maintenance, Isabelle vous remercie de votre patiente compr\u00e9hension - Isabelle Cr\u00e9atrice de Bien-\u00eatre","isPartOf":{"@id":"https:\/\/lvz.fr\/#website"},"primaryImageOfPage":{"@id":"https:\/\/lvz.fr\/index.php\/site-en-maintenance-isabelle-vous-remercie-de-votre-patiente-comprehension\/#primaryimage"},"image":{"@id":"https:\/\/lvz.fr\/index.php\/site-en-maintenance-isabelle-vous-remercie-de-votre-patiente-comprehension\/#primaryimage"},"thumbnailUrl":"http:\/\/lvz.fr\/wp-content\/uploads\/2026\/02\/EC4D3526-584F-432B-9418-11560EBC6533.jpeg","datePublished":"2026-02-18T11:18:44+00:00","dateModified":"2026-03-01T15:22:04+00:00","breadcrumb":{"@id":"https:\/\/lvz.fr\/index.php\/site-en-maintenance-isabelle-vous-remercie-de-votre-patiente-comprehension\/#breadcrumb"},"inLanguage":"fr-FR","potentialAction":[{"@type":"ReadAction","target":["https:\/\/lvz.fr\/index.php\/site-en-maintenance-isabelle-vous-remercie-de-votre-patiente-comprehension\/"]}]},{"@type":"ImageObject","inLanguage":"fr-FR","@id":"https:\/\/lvz.fr\/index.php\/site-en-maintenance-isabelle-vous-remercie-de-votre-patiente-comprehension\/#primaryimage","url":"https:\/\/lvz.fr\/wp-content\/uploads\/2026\/02\/EC4D3526-584F-432B-9418-11560EBC6533.jpeg","contentUrl":"https:\/\/lvz.fr\/wp-content\/uploads\/2026\/02\/EC4D3526-584F-432B-9418-11560EBC6533.jpeg","width":1530,"height":851,"caption":"Screenshot"},{"@type":"BreadcrumbList","@id":"https:\/\/lvz.fr\/index.php\/site-en-maintenance-isabelle-vous-remercie-de-votre-patiente-comprehension\/#breadcrumb","itemListElement":[{"@type":"ListItem","position":1,"name":"Accueil","item":"https:\/\/lvz.fr\/"},{"@type":"ListItem","position":2,"name":"Site en maintenance, Isabelle vous remercie de votre patiente compr\u00e9hension"}]},{"@type":"WebSite","@id":"https:\/\/lvz.fr\/#website","url":"https:\/\/lvz.fr\/","name":"Isabelle Cr\u00e9atrice de Bien-\u00eatre","description":"Num\u00e9rologue &amp; R\u00e9flexologue formatrice","publisher":{"@id":"https:\/\/lvz.fr\/#organization"},"potentialAction":[{"@type":"SearchAction","target":{"@type":"EntryPoint","urlTemplate":"https:\/\/lvz.fr\/?s={search_term_string}"},"query-input":{"@type":"PropertyValueSpecification","valueRequired":true,"valueName":"search_term_string"}}],"inLanguage":"fr-FR"},{"@type":"Organization","@id":"https:\/\/lvz.fr\/#organization","name":"Isabelle Cr\u00e9atrice de Bien-\u00eatre","url":"https:\/\/lvz.fr\/","logo":{"@type":"ImageObject","inLanguage":"fr-FR","@id":"https:\/\/lvz.fr\/#\/schema\/logo\/image\/","url":"https:\/\/lvz.fr\/wp-content\/uploads\/2024\/10\/cropped-C5912DBE-E888-4763-82AD-EC77C857A7C4_1_201_a.jpeg","contentUrl":"https:\/\/lvz.fr\/wp-content\/uploads\/2024\/10\/cropped-C5912DBE-E888-4763-82AD-EC77C857A7C4_1_201_a.jpeg","width":453,"height":443,"caption":"Isabelle Cr\u00e9atrice de Bien-\u00eatre"},"image":{"@id":"https:\/\/lvz.fr\/#\/schema\/logo\/image\/"}}]}},"_links":{"self":[{"href":"https:\/\/lvz.fr\/index.php\/wp-json\/wp\/v2\/pages\/360","targetHints":{"allow":["GET"]}}],"collection":[{"href":"https:\/\/lvz.fr\/index.php\/wp-json\/wp\/v2\/pages"}],"about":[{"href":"https:\/\/lvz.fr\/index.php\/wp-json\/wp\/v2\/types\/page"}],"author":[{"embeddable":true,"href":"https:\/\/lvz.fr\/index.php\/wp-json\/wp\/v2\/users\/1"}],"replies":[{"embeddable":true,"href":"https:\/\/lvz.fr\/index.php\/wp-json\/wp\/v2\/comments?post=360"}],"version-history":[{"count":9,"href":"https:\/\/lvz.fr\/index.php\/wp-json\/wp\/v2\/pages\/360\/revisions"}],"predecessor-version":[{"id":555,"href":"https:\/\/lvz.fr\/index.php\/wp-json\/wp\/v2\/pages\/360\/revisions\/555"}],"wp:attachment":[{"href":"https:\/\/lvz.fr\/index.php\/wp-json\/wp\/v2\/media?parent=360"}],"curies":[{"name":"wp","href":"https:\/\/api.w.org\/{rel}","templated":true}]}}